ive b(23).
2
Let o(t) = 93*t**2 - 1302*t + 31. Calculate o(14).
31
Let l(d) = 3*d**2 + 17*d - 4. What is l(-6)?
2
Let g(x) = -x**2 - 584*x - 13387. Give g(-24).
53
Let a(d) = -1292*d + 11. Calculate a(0).
11
Let b(p) = 3*p**3 + 24*p**2 + 41*p + 18. Give b(-6).
-12
Let c(k) = -62*k + 1955. Determine c(32).
-29
Let f(w) = 18*w + 512. Calculate f(-27).
26
Let r(d) = -21*d + 209. Determine r(-25).
734
Let i(r) = 160*r + 4321. Calculate i(-27).
1
Let s(b) = -17*b - 1340. Determine s(-71).
-133
Let i(f) = -3*f**3 + 4*f - 4. Calculate i(-2).
12
Let d(n) = 388*n**2 - 781*n + 16. Give d(2).
6
Let j(p) = p**3 - 42*p**2 - 2471*p + 138. What is j(-33)?
6
Let j(i) = 2*i**3 - 135*i**2 - 66*i - 176. Give j(68).
-40
Let x(a) = -22*a**2 - 841*a - 191. What is x(-38)?
-1
Let v(y) = y**3 - 6*y**2 - 33*y + 81. What is v(9)?
27
Let g(v) = -28*v - 749. Determine g(-27).
7
Let y(z) = z**2 + 58*z - 2192. Determine y(26).
-8
Let a(j) = 20*j**2 - 9*j - 5. Give a(-1).
24
Let s(n) = -2*n**3 - 49*n**2 + 21*n - 14. Give s(-25).
86
Let q(c) = -c**3 + 24*c**2 - 93*c + 33. Determine q(4).
-19
Let l(o) = -3*o**3 + 8*o**2 + 4*o + 5. What is l(5)?
-150
Let z(t) = -3*t**2 + 1690*t + 10251. Determine z(-6).
3
Let r(g) = 2*g**2 - 61*g - 39. Calculate r(0).
-39
Let u(v) = 12*v**2 + 210*v - 36. Calculate u(-17).
-138
Let g(z) = -100*z - 46. Calculate g(-1).
54
Let k(c) = 4*c**3 - 7*c**2 - 25*c - 15. What is k(6)?
447
Let w(z) = 12*z - 180. What is w(7)?
-96
Let s(a) = 7*a + 407. Determine s(-56).
15
Let c(k) = 39*k + 241. Calculate c(-11).
-188
Let y(c) = 242*c + 719. Give y(-3).
-7
Let v(h) = h**3 + 103*h**2 + 202*h + 61. Determine v(-101).
61
Let h(y) = -2*y**3 - 8*y**2 + 21*y + 78. Calculate h(-3).
-3
Let r(l) = -3*l**2 + 24*l + 467. Determine r(-15).
-568
Let v(c) = -c**3 + 7*c**2 + 226*c + 20. Determine v(19).
-18
Let q(f) = -f**2 + 1021*f + 31527. Determine q(-30).
-3
Let d(s) = -4*s**3 - 6*s**2 + 17*s - 3. Calculate d(0).
-3
Let z(u) = 36*u - 67. What is z(5)?
113
Let g(d) = d**3 - 120*d**2 - 234*d - 1282. Calculate g(122).
-62
Let y(a) = 125*a - 12. Give y(2).
238
Let o(j) = -6*j**3 - j**2 + 9*j + 139. What is o(0)?
139
Let s(f) = f**2 + 21*f - 54. Give s(-22).
-32
Let h(v) = -29*v - 84. What is h(-3)?
3
Let i(b) = -16*b - 21. Determine i(16).
-277
Let n(q) = -q**3 + 9*q**2 - 11*q - 12. Calculate n(6).
30
Let v(d) = -d**3 + 2*d**2 + 4*d - 36. Determine v(-3).
-3
Let u(v) = 43*v - 642. Give u(8).
-298
Let s(b) = -b**2 + 4*b + 332. Calculate s(-16).
12
Let x(h) = -h**2 - 153*h - 1643. Calculate x(-13).
177
Let r(y) = 33*y + 52. Determine r(2).
118
Let z(r) = -3398*r + 40782. Determine z(12).
6
Let j(o) = -3*o**2 + 17*o + 2. What is j(6)?
-4
Let l(f) = 6*f**2 - 3*f + 19. Calculate l(-7).
334
Let m(b) = -21*b**2 + 2. Determine m(3).
-187
Let n(d) = 2*d**3 + 31*d**2 - 21*d - 72. Give n(-16).
8
Let t(b) = 15*b + 121. Calculate t(-16).
-119
Let x(y) = y**2 - 8*y - 913. Calculate x(-30).
227
Let r(w) = 4*w**2 - 19*w - 84. Give r(-3).
9
Let i(u) = 2*u**3 + 6*u**2 - u + 2. Determine i(-6).
-208
Let q(w) = -298*w + 10727. Calculate q(36).
-1
Let l(b) = -22*b - 639. What is l(-29)?
-1
Let p(o) = o**2 - 27*o - 46. Calculate p(-2).
12
Let f(d) = -2*d**2 - 172*d + 7557. Determine f(32).
5
Let c(v) = 5*v**3 - 308*v**2 - 128*v - 5. Give c(62).
-253
Let q(c) = -c**2 - 936*c + 10397. What is q(11)?
-20
Let b(g) = -13*g - 136. Calculate b(-7).
-45
Let k(c) = c**3 + 114*c**2 - 142*c - 16201. Give k(-114).
-13
Let b(w) = w**2 - 409*w + 40838. Determine b(173).
10
Let a(d) = d**3 - 3*d**2 - 6*d - 133. Calculate a(0).
-133
Let p(f) = 841*f + 4955. Determine p(-6).
-91
Let s(x) = -x**2 - 911*x + 7. What is s(0)?
7
Let v(u) = -73*u + 2483. Give v(34).
1
Let i(k) = -k - 60. Determine i(11).
-71
Let a(w) = w**3 - 18*w**2 + 34*w + 20. Determine a(3).
-13
Let f(c) = -2*c**3 + 16*c**2 - 17*c - 15. Determine f(6).
27
Let t(c) = -2901*c + 69610. Determine t(24).
-14
Let i(c) = 4*c**3 - c**2 + 4*c - 13. Calculate i(3).
98
Let r(j) = -1558*j - 20253. What is r(-13)?
1
Let t(b) = 162*b - 1955. Determine t(12).
-11
Let b(w) = w**3 - 22*w**2 + 31*w + 13. Give b(20).
-167
Let h(r) = r**3 - 11*r**2 + 26*r - 46. Calculate h(8).
-30
Let t(h) = h**3 - 113*h**2 - 838*h + 18. Give t(-7).
4
Let f(z) = -91*z + 560. Calculate f(12).
-532
Let g(m) = -2*m**3 - 9*m**2 + 20*m - 4. Give g(-6).
-16
Let a(s) = -60*s - 164. Give a(-9).
376
Let c(w) = w**3 + 59*w**2 - 394*w. Determine c(6).
-24
Let a(c) = -322*c - 1301. Determine a(-4).
-13
Let s(g) = 2*g**3 - 32*g**2 + 123*g + 45. Calculate s(8).
5
Let q(d) = 22*d**2 - 8*d + 12. What is q(2)?
84
Let i(y) = -6*y - 28. Calculate i(-11).
38
Let z(o) = -o**3 - 10*o**2 + 135*o + 1346. Calculate z(-10).
-4
Let k(n) = 2*n**2 - 262*n + 8098. Determine k(50).
-2
Let k(w) = w**2 + 130*w + 2447. Give k(-23).
-14
Let v(z) = 6*z**2 + 24*z + 42. Calculate v(-4).
42
Let q(n) = 3504*n - 14. Determine q(0).
-14
Let o(i) = i**3 + 8*i**2 + 7*i + 12. What is o(-6)?
42
Let r(z) = 92*z**2 - 372*z + 5. What is r(4)?
-11
Let i(j) = j**3 - 43*j**2 + 296*j + 129. Calculate i(9).
39
Let y(o) = 530*o - 5305. Determine y(10).
-5
Let r(o) = -o**3 - 13*o**2 - 82*o - 603. Determine r(-10).
-83
Let n(r) = 13*r**2 - 5*r - 11. Determine n(-4).
217
Let t(f) = 704*f - 21118. Determine t(30).
2
Let b(o) = o**3 - 5*o**2 + 73*o - 371. Give b(5).
-6
Let h(w) = 75*w + 271. Give h(0).
271
Let y(s) = 22*s**3 + 178*s**2 + 13*s - 34. Determine y(-8).
-10
Let q(v) = -2*v**3 + 88*v**2 - 165*v - 9. Calculate q(42).
117
Let j(g) = -17*g**3 - 766*g**2 - 44*g + 12. Determine j(-45).
-33
Let c(v) = -6*v**2 + 1283*v + 2593. What is c(-2)?
3
Let j(l) = 3812*l - 26689. Determine j(7).
-5
Let k(m) = -5*m**2 + 45*m - 27. Give k(10).
-77
Let j(g) = g**3 + 14*g**2 + 27*g + 192. What is j(-13)?
10
Let p(g) = -35*g + 15. What is p(-4)?
155
Let g(c) = -23*c - 1975. Give g(-77).
-204
Let v(j) = -17*j**2 + 311*j - 1004. What is v(14)?
18
Let h(l) = l**3 - 61*l**2 + 793*l + 94. Give h(19).
-1
Let v(t) = -2*t**3 - 18*t**2 + 27*t + 69. Give v(-10).
-1
Let l(b) = 2*b**3 - 34*b**2 - 23*b + 414. Calculate l(17).
23
Let x(b) = -2*b**3 + 8*b**2 - 16*b + 7. Calculate x(3).
-23
Let s(y) = -27*y**2 - 88*y + 4. Give s(-3).
25
Let w(z) = -14*z - 83. Give w(-8).
29
Let d(b) = -2*b**2 - 16*b + 163. Determine d(-16).
-93
Let c(n) = n**3 + n**2 - 77*n + 146. Give c(2).
4
Let w(g) = g**2 + 39*g - 92. Determine w(-17).
-466
Let j(d) = -30*d - 353. Determine j(-15).
97
Let h(f) = 374*f - 11964. Calculate h(32).
4
Let k(q) = q**3 + 3*q**2 + 22*q - 46. What is k(0)?
-46
Let i(n) = 19*n - 583. Determine i(6).
-469
Let w(t) = -2*t**2 + 725*t - 26362. Calculate w(41).
1
Let a(v) = -2*v**3 + 20*v**2 + 150*v + 10. What is a(15)?
10
Let k(w) = -w**3 - 2*w**2 + 13*w + 8. Determine k(-5).
18
Let j(l) = -20*l**3 + 2*l**2 - 3*l - 7. Give j(2).
-165
Let r(l) = -22726*l - 181810. Calculate r(-8).
-2
Let b(n) = -19*n**3 + 122*n**2 - 186*n + 12. Determine b(4).
4
Let w(t) = t**3 - 19*t**2 + 66*t - 107. What is w(15)?
-17
Let w(t) = 182*t + 3463. What is w(-19)?
5
Let w(d) = d**3 - 13*d**2 + 25*d + 7. What is w(10)?
-43
Let i(q) = -q + 136. What is i(10)?
126
Let t(q) = q**2 - 12*q - 1129. Determine t(37).
-204
Let o(q) = -q**3 + 10*q**2 + 33*q - 135. What is o(13)?
-213
Let a(j) = -79*j - 234. Calculate a(-3).
3
Let p(u) = -21*u - 20. What is p(3)?
-83
Let v(t) = t**2 - 172*t + 2050. Calculate v(13).
-17
Let n(o) = -o**2 + 85*o - 844. Calculate n(11).
-30
Let x(b) = b + 82. Determine x(-10).
72
Let s(u) = u**3 + 66*u**2 + 515*u + 131. Give s(-57).
17
Let x(y) = -23*y**2 - 250*y + 740. What is x(3)?
-217
Let p(o) = 3*o**3 - 53*o**2 + 39*o - 339. Give p(18).
687
Let s(o) = -194*o - 3094. What is s(-16)?
10
Let o(p) = p**3 + 8*p**2 - 775*p - 13. Determine o(-32).
211
Let h(q) = 3*q**2 - 55*q + 330. Calculate h(9).
78
Let j(a) = -100*a**2 - 8499*a + 89. Determine j(-85).
4
Let j(z) = -z**3 + 21*z**2 - 18*z. What is j(20)?
40
Let p(n) = 27*n**2 + 54*n + 9. Determine p(-2).
9
Let c(o) = -470*o + 696. Calculate c(2).
-244
Let s(c) = c**3 + 3*c**2 - 5*c + 9. Calculate s(-9).
-432
Let u(j) = 4*j**2 + 56*j + 158. Give u(-10).
-2
Let o(m) = 237*m - 181. Determine o(2).
293
Let w(u) = u**3 + 67*u**2 - 504*u + 1036. Determine w(-74).
0
Let r(x) = 274*x**3 - x**2 + 10*x + 10. Give r(-1).
